 - t = r. Calculate the greatest common divisor of 44 and r.
22
Let t be -7*((-58)/(-14) - 5). Let r(k) be the second derivative of k**4/12 + 2*k**2 + k. Let c be r(t). Calculate the highest common factor of c and 20.
20
Suppose -3*c - 2*l + 184 = 0, 117 = 2*c - 5*l + 7. What is the highest common divisor of 24 and c?
12
Let u be (-27)/(-2 - (-60)/32). Calculate the greatest common divisor of 24 and u.
24
Let w be ((-2)/(-6) + -2)*-3. Let y(s) = s**2 + 2*s - 8. Let g be y(6). Calculate the greatest common factor of w and g.
5
Let x = 0 - -2. Suppose 24 = r - x. Let m be (r/8)/(2/8). What is the greatest common factor of 91 and m?
13
Suppose 44 = 4*l - 5*x, -2*l = -0*x + 3*x. Calculate the greatest common divisor of l and 6.
6
Let x = -18 - -28. Calculate the highest common factor of x and 90.
10
Let s be -1 + 12 - 0/(-4). Suppose 0 = 2*r + 3*r + 3*f + 595, -4*f = 0. Let h = 207 + r. What is the highest common divisor of s and h?
11
Suppose 0 = -z + 21 - 6. Calculate the greatest common factor of 120 and z.
15
Let c(s) = -s**2 - 10*s - 5. Let v be -2 + 2*(-15)/6. Let m be c(v). Calculate the highest common factor of m and 8.
8
Suppose 0 = y + 1 - 2. Suppose 3*a - a = -2*k + 8, -3*k = -4*a + 9. Suppose 2 = -t + a. What is the greatest common divisor of t and y?
1
Suppose 5*y - 46 = 3*x, 0 = 3*x - 1 + 7. What is the greatest common divisor of y and 20?
4
Suppose 9 = -3*b, -2*v + 81 = v - b. What is the highest common factor of v and 4?
2
Suppose 0*z + 8 = 3*j - z, 4*j + 4*z = 0. Suppose -5*d + 3*i = -188 + 29, 0 = 3*d - 2*i - 95. Let l = d - 19. Calculate the highest common factor of j and l.
2
Let x be 0 - -50 - (-1 - -1). Let d = x - 20. Let v be (-3)/(-9) + 804/18. Calculate the greatest common factor of v and d.
15
Let y(w) = -w**2 - 16*w + 6. Let n be y(-12). What is the highest common factor of 135 and n?
27
Let x(k) = -k**3 + 8*k**2 + 10*k - 7. Let b be x(7). Calculate the greatest common divisor of 16 and b.
16
Let n = 113 - 71. What is the highest common divisor of n and 21?
21
Let r(o) = 7*o**2 + 17*o + 9. Let f be r(-5). Let n(j) = j**2 - 6*j + 2. Let l be n(7). What is the highest common divisor of f and l?
9
Let q(w) = 3*w**2 - 5*w - 5. Let k be q(5). Calculate the highest common factor of 18 and k.
9
Suppose 48 = 4*k - 0*k. Calculate the greatest common factor of k and 108.
12
Suppose -3*n - 3*h + 243 = 0, 2*h = -5*n + 7*n - 162. Let t be 2/(2/9*1). Calculate the greatest common factor of t and n.
9
Let p(x) = -2*x - 4. Let i be p(-4). Let z be ((-48)/4)/(i/(-14)). Calculate the highest common factor of 6 and z.
6
Let g = 14 + -9. What is the highest common divisor of g and 5?
5
Let g(i) = -i**3 + 6*i**2 + i. Let w be g(6). Suppose 6*u - 2*u = 360. Suppose 5*j + 0*j - u = 0. What is the greatest common divisor of w and j?
6
Suppose 5*h + 8 = -3*c - 21, 4*h + 3*c = -25. Let q be ((-45)/(-12))/(h/(-16)). Calculate the greatest common factor of 15 and q.
15
Let n(c) = -c - 3. Let o be n(-3). Suppose o = q - 6*q + 80. Let z be (-12)/(-10)*80/6. What is the greatest common divisor of q and z?
16
Let m(b) = -b**3 + 15*b**2 + 5. Let y be m(15). Suppose y*u + 35 = 100. Calculate the highest common factor of 13 and u.
13
Let c be 2 - 0/2 - -4. Let y = -3 + c. Suppose 2*z + 96 = 2*l, 2*z = -y*z. Calculate the highest common factor of l and 12.
12
Suppose -5*s + 12 = -4*s. Suppose 0 = k - 52 + s. Suppose -l = 3*x - k, -7 = x + 4*l - 2. Calculate the highest common factor of 15 and x.
15
Let z = 14 - -4. Let l be ((-4)/2)/(-2) + 26. What is the highest common divisor of z and l?
9
Suppose 0 = -4*y + 3*a - 18 - 2, 3*a = -y - 5. Let k be (12/10)/((-1)/y). What is the greatest common divisor of 30 and k?
6
Let y be -2 - (-552)/3 - 0. Suppose 2*d = 88 + y. Suppose -19 = -3*m + 26. Calculate the greatest common divisor of d and m.
15
Let b be 4/(-22) + 872/(-44)*-10. Calculate the highest common divisor of 22 and b.
22
Let j be (-2)/(-10) - 56/(-20). What is the highest common divisor of j and 27?
3
Let c be (-2)/4 + 470/4. Calculate the greatest common factor of 13 and c.
13
Let k = -1 - -5. Let q = 23 + -13. Calculate the highest common factor of q and k.
2
Suppose 0 = o - 40 - 35. Suppose -90 = -2*v - v. Calculate the greatest common divisor of o and v.
15
Let c(k) be the first derivative of 12*k**2 + 1. Let y = -9 - -15. Let v be c(y). Calculate the greatest common factor of 18 and v.
18
Suppose 0 = j - 5*v - 65, 4*j + 5*v - 185 = -0*v. Suppose 3*b - 44 + 14 = 4*g, 0 = 5*b + 2*g - j. What is the highest common divisor of 40 and b?
10
Suppose 0 = 3*j - 0*j - 108. Calculate the highest common divisor of j and 324.
36
Suppose -6*v - 43 + 463 = 0. What is the highest common factor of 10 and v?
10
Let b be 3/((45/(-12))/5). Let n = 59 - b. Suppose 0 = 3*i - 8 - 13. Calculate the highest common factor of n and i.
7
Suppose 2*g = 11 - 1. Let n(j) = -4*j - 23. Let h be n(-17). Calculate the greatest common factor of g and h.
5
Let d = 20 - 9. Calculate the greatest common factor of 11 and d.
11
Let c(x) be the first derivative of 26*x**2 + 4*x + 1. Let f be c(-5). Let q be f/(-14) - 2/7. What is the highest common factor of q and 45?
9
Let t be 34/119 + (-26)/(-7). Calculate the greatest common factor of 22 and t.
2
Suppose 0 = 3*l - 3*i + 105, 2*i = 4*l + 7*i + 113. Let a be 2/(1*(-2)/l). Let u = 151 - 103. What is the greatest common factor of u and a?
16
Let u = 17 + -5. What is the greatest common factor of u and 3?
3
Let c be 30/4 + (-23)/(-46). Calculate the greatest common factor of c and 1.
1
Suppose -5*p - 1293 = -4*a, -5*p - 1489 = a - 181. Let q be 12/20 - p/15. Calculate the greatest common factor of 9 and q.
9
Suppose 0*h - 18 = -3*h. Let f = -119 - -200. Suppose -5*j + 39 = -f. What is the greatest common divisor of h and j?
6
Let j = -1 - -4. Suppose -97 - 17 = -j*g. Calculate the highest common divisor of 57 and g.
19
Let x(l) = 112*l - 1. Let v be x(-1). Let g = v + 183. What is the greatest common factor of 28 and g?
14
Let h(g) = -3*g - 9. Let z be h(-14). What is the greatest common divisor of z and 99?
33
Suppose 3*s + p = 2*p + 477, -636 = -4*s + 4*p. Let q = 290 - s. Suppose 0 = -5*b + 34 + q. What is the greatest common divisor of 22 and b?
11
Let h be 24/(-18)*3 + 17*17. Calculate the highest common factor of 15 and h.
15
Let u = -52 - -70. Suppose 0 = 3*w - 0*w - 27. What is the greatest common factor of u and w?
9
Suppose -3*v + 18 = -4*r, 2*r - 26 = -2*v - 0*v. Calculate the highest common factor of 15 and v.
5
Let j be (2/3)/(2/15). Suppose 2 = j*w - 33. Let c be (-9)/(-7) + (-4)/14. What is the greatest common factor of c and w?
1
Let a(l) = -l**3 + 5*l**2 + 8*l - 8. Suppose 3*z = -4 + 22. Let c be a(z). Calculate the greatest common factor of c and 6.
2
Let z = -860 - -493. Let f = -250 - z. What is the greatest common factor of f and 13?
13
Suppose 148 = 3*k - 5*i, 4*k + 2*i + 2*i = 144. Calculate the highest common factor of 369 and k.
41
Suppose -26 + 10 = -f. What is the greatest common factor of f and 48?
16
Let a(l) = 3*l**2 - 4*l + 1. Let i be a(3). Suppose -133 = c - 5*c + 5*t, 93 = 3*c + 3*t. Calculate the highest common divisor of c and i.
16
Let b be 2/5*3*5. Suppose 50 = 5*r - 70. Calculate the greatest common factor of b and r.
6
Suppose f + 73 = 2*v, -2*v - f + 35 = -v. What is the highest common divisor of v and 12?
12
Suppose 0 = -5*l + 365 + 75. What is the greatest common divisor of 8 and l?
8
Suppose -4*q + 110 - 6 = 0. Suppose -6*l - q = -128. What is the greatest common factor of l and 119?
17
Let x = -593 + 857. What is the greatest common factor of 33 and x?
33
Suppose 0 = -4*n + 110 + 70. Suppose 2*o = 35 + n. What is the greatest common factor of o and 16?
8
Let o be (-55)/(-20) + (-3)/(-12). Suppose 3*i - 16 - 55 = -y, -3*y + o*i = -189. Calculate the greatest common divisor of 26 and y.
13
Let g be 1 + 4/(-4)*-19. Calculate the greatest common factor of g and 10.
10
Let d = 18 - 13. Let m be (3 + (-22)/10)*d. What is the greatest common divisor of 10 and m?
2
Suppose -x + 25 = 4*x. Suppose -3*m = 2*b - 4, -b + x*m = b - 4. Let i be -1*(b - 1)*-2. Calculate the greatest common divisor of 14 and i.
2
Let z(p) = 7*p + 10. Let f be z(-8). Let a be f/(-4)*(35 - -3). Suppose 3*n = 5*m + a, 9*m - 4